{"id":1095,"date":"2023-03-04T19:46:22","date_gmt":"2023-03-04T19:46:22","guid":{"rendered":"https:\/\/www.erlebnisakademie.de\/?page_id=1095"},"modified":"2024-06-03T10:05:23","modified_gmt":"2024-06-03T10:05:23","slug":"uber-uns-2","status":"publish","type":"page","link":"https:\/\/www.erlebnisakademie.de\/index.php\/uber-uns-2\/","title":{"rendered":"\u00dcber uns"},"content":{"rendered":"\t\t<div data-elementor-type=\"wp-page\" data-elementor-id=\"1095\" class=\"elementor elementor-1095\" data-elementor-settings=\"{&quot;ha_cmc_init_switcher&quot;:&quot;no&quot;}\">\n\t\t\t\t\t\t<section class=\"elementor-section elementor-top-section elementor-element elementor-element-eee2e03 elementor-section-height-min-height elementor-section-boxed elementor-section-height-default elementor-section-items-middle wpr-particle-no wpr-jarallax-no wpr-parallax-no wpr-sticky-section-no\" data-id=\"eee2e03\" data-element_type=\"section\" data-e-type=\"section\" data-settings=\"{&quot;background_background&quot;:&quot;classic&quot;,&quot;_ha_eqh_enable&quot;:false}\">\n\t\t\t\t\t\t<div class=\"elementor-container elementor-column-gap-default\">\n\t\t\t\t\t<div class=\"elementor-column elementor-col-100 elementor-top-column elementor-element elementor-element-885cc1a\" data-id=\"885cc1a\" data-element_type=\"column\" data-e-type=\"column\">\n\t\t\t<div class=\"elementor-widget-wrap elementor-element-populated\">\n\t\t\t\t\t\t<div class=\"elementor-element elementor-element-6d1a52fb elementor-widget elementor-widget-heading\" data-id=\"6d1a52fb\" data-element_type=\"widget\" data-e-type=\"widget\" data-widget_type=\"heading.default\">\n\t\t\t\t<div class=\"elementor-widget-container\">\n\t\t\t\t\t<h2 class=\"elementor-heading-title elementor-size-default\">\u00dcber uns<\/h2>\t\t\t\t<\/div>\n\t\t\t\t<\/div>\n\t\t\t\t\t<\/div>\n\t\t<\/div>\n\t\t\t\t\t<\/div>\n\t\t<\/section>\n\t\t\t\t<section class=\"elementor-section elementor-top-section elementor-element elementor-element-43280eb0 elementor-section-boxed elementor-section-height-default elementor-section-height-default wpr-particle-no wpr-jarallax-no wpr-parallax-no wpr-sticky-section-no\" data-id=\"43280eb0\" data-element_type=\"section\" data-e-type=\"section\" data-settings=\"{&quot;_ha_eqh_enable&quot;:false}\">\n\t\t\t\t\t\t<div class=\"elementor-container elementor-column-gap-default\">\n\t\t\t\t\t<div class=\"elementor-column elementor-col-50 elementor-top-column elementor-element elementor-element-5d16b718\" data-id=\"5d16b718\" data-element_type=\"column\" data-e-type=\"column\">\n\t\t\t<div class=\"elementor-widget-wrap elementor-element-populated\">\n\t\t\t\t\t\t<div class=\"elementor-element elementor-element-431288af elementor-widget elementor-widget-heading\" data-id=\"431288af\" data-element_type=\"widget\" data-e-type=\"widget\" data-widget_type=\"heading.default\">\n\t\t\t\t<div class=\"elementor-widget-container\">\n\t\t\t\t\t<h2 class=\"elementor-heading-title elementor-size-default\">Reinspaziert, liebes Publikum!<\/h2>\t\t\t\t<\/div>\n\t\t\t\t<\/div>\n\t\t\t\t<div class=\"elementor-element elementor-element-4058b863 elementor-widget elementor-widget-text-editor\" data-id=\"4058b863\" data-element_type=\"widget\" data-e-type=\"widget\" data-widget_type=\"text-editor.default\">\n\t\t\t\t<div class=\"elementor-widget-container\">\n\t\t\t\t\t\t\t\t\t<p>Die Erlebnisakademie ist ein gemeinn\u00fctziger Verein f\u00fcr Zirkus- und Erlebnisp\u00e4dagogik, seit 2005 ans\u00e4ssig in Rheinbach. Im Programmangebot finden sich unter anderem Ferien- und Freizeitangebote f\u00fcr Kinder aller Altersstufen, sowie Programme f\u00fcr Schulen, Kinderg\u00e4rten und Jugendherbergen.<\/p><p>Der zirkusp\u00e4dagogische Teil der Erlebnisakademie tr\u00e4gt den Namen \u201eZirkusschule Reinspaziert\u201c und bietet Kindern und Erwachsenen die M\u00f6glichkeit, sich in Artisten, Jongleure, Zauberer, Clowns, Feuerspucker und vieles mehr zu verwandeln. Hier geht es nicht darum mit m\u00f6glichst vielen B\u00e4llen zu jonglieren, eine m\u00f6glichst hohe Pyramide zu bauen oder andere artistische H\u00f6chstleistungen zu vollbringen. Es geht in erster Linie um den Spa\u00df an allem, was Zirkus so zu bieten hat. Zu sagen \u201eDas kann ich nicht!\u201c gilt nicht! Bei der Zirkusschule Reinspaziert ist f\u00fcr jeden etwas dabei. Zirkusluft schnuppern kann man zum Beispiel in den regelm\u00e4\u00dfigen Ferienfreizeiten, beim monatlichen Zirkustag, bei Schul- oder Kindergartenprojekten oder einem Mitmach-Zirkus f\u00fcr Feste aller Art. Wer seine F\u00e4higkeiten regelm\u00e4\u00dfig trainiert, hat auch die M\u00f6glichkeit bei verschiedenen Auftritten der Zirkusschule mitzuwirken.<\/p><p>Die erlebnisp\u00e4dagogischen Angebote des Vereins sind zum Beispiel wald- und spielp\u00e4dagogische Programme f\u00fcr Freizeiten und Klassenfahrten, Kletteraktionen oder Teamtraining-Angebote. Erlebnisp\u00e4dagogische Ferienfreizeiten veranstaltet die Erlebnisakademie zum Beispiel an der Jugendherberge \u201eNaturfreundehaus Berg\u201c nahe Rheinbach: Hier werden Sch\u00e4tze gesucht, Lagerfeuer gemacht oder auf der Slackline \u00fcber den Bach balanciert.<\/p>\t\t\t\t\t\t\t\t<\/div>\n\t\t\t\t<\/div>\n\t\t\t\t\t<\/div>\n\t\t<\/div>\n\t\t\t\t<div class=\"elementor-column elementor-col-50 elementor-top-column elementor-element elementor-element-6ea8fac\" data-id=\"6ea8fac\" data-element_type=\"column\" data-e-type=\"column\">\n\t\t\t<div class=\"elementor-widget-wrap elementor-element-populated\">\n\t\t\t\t\t\t<div class=\"elementor-element elementor-element-4f0264e8 elementor-widget elementor-widget-image\" data-id=\"4f0264e8\" data-element_type=\"widget\" data-e-type=\"widget\" data-widget_type=\"image.default\">\n\t\t\t\t<div class=\"elementor-widget-container\">\n\t\t\t\t\t\t\t\t\t\t\t\t\t\t\t<img fetchpriority=\"high\" decoding=\"async\" width=\"800\" height=\"450\" src=\"https:\/\/www.erlebnisakademie.de\/wp-content\/uploads\/6fbbca02-159e-4605-9fc3-deb539da16f7-1024x576.jpg\" class=\"attachment-large size-large wp-image-862\" alt=\"\" srcset=\"https:\/\/www.erlebnisakademie.de\/wp-content\/uploads\/6fbbca02-159e-4605-9fc3-deb539da16f7-1024x576.jpg 1024w, https:\/\/www.erlebnisakademie.de\/wp-content\/uploads\/6fbbca02-159e-4605-9fc3-deb539da16f7-300x169.jpg 300w, https:\/\/www.erlebnisakademie.de\/wp-content\/uploads\/6fbbca02-159e-4605-9fc3-deb539da16f7-1536x864.jpg 1536w, https:\/\/www.erlebnisakademie.de\/wp-content\/uploads\/6fbbca02-159e-4605-9fc3-deb539da16f7.jpg 1920w\" sizes=\"(max-width: 800px) 100vw, 800px\" \/>\t\t\t\t\t\t\t\t\t\t\t\t\t\t\t<\/div>\n\t\t\t\t<\/div>\n\t\t\t\t<div class=\"elementor-element elementor-element-38685e28 elementor-widget elementor-widget-image\" data-id=\"38685e28\" data-element_type=\"widget\" data-e-type=\"widget\" data-widget_type=\"image.default\">\n\t\t\t\t<div class=\"elementor-widget-container\">\n\t\t\t\t\t\t\t\t\t\t\t\t\t\t\t<img decoding=\"async\" width=\"800\" height=\"532\" src=\"https:\/\/www.erlebnisakademie.de\/wp-content\/uploads\/jongleure-1-scaled-1-1024x681.jpg\" class=\"attachment-large size-large wp-image-907\" alt=\"\" srcset=\"https:\/\/www.erlebnisakademie.de\/wp-content\/uploads\/jongleure-1-scaled-1-1024x681.jpg 1024w, https:\/\/www.erlebnisakademie.de\/wp-content\/uploads\/jongleure-1-scaled-1-300x200.jpg 300w, https:\/\/www.erlebnisakademie.de\/wp-content\/uploads\/jongleure-1-scaled-1-1536x1022.jpg 1536w, https:\/\/www.erlebnisakademie.de\/wp-content\/uploads\/jongleure-1-scaled-1-2048x1362.jpg 2048w\" sizes=\"(max-width: 800px) 100vw, 800px\" \/>\t\t\t\t\t\t\t\t\t\t\t\t\t\t\t<\/div>\n\t\t\t\t<\/div>\n\t\t\t\t\t<\/div>\n\t\t<\/div>\n\t\t\t\t\t<\/div>\n\t\t<\/section>\n\t\t\t\t<section class=\"elementor-section elementor-top-section elementor-element elementor-element-5db2c837 elementor-section-boxed elementor-section-height-default elementor-section-height-default wpr-particle-no wpr-jarallax-no wpr-parallax-no wpr-sticky-section-no\" data-id=\"5db2c837\" data-element_type=\"section\" data-e-type=\"section\" data-settings=\"{&quot;background_background&quot;:&quot;classic&quot;,&quot;_ha_eqh_enable&quot;:false}\">\n\t\t\t\t\t\t<div class=\"elementor-container elementor-column-gap-default\">\n\t\t\t\t\t<div class=\"elementor-column elementor-col-50 elementor-top-column elementor-element elementor-element-28f2d069\" data-id=\"28f2d069\" data-element_type=\"column\" data-e-type=\"column\">\n\t\t\t<div class=\"elementor-widget-wrap elementor-element-populated\">\n\t\t\t\t\t\t<div class=\"elementor-element elementor-element-73758e2f elementor-widget elementor-widget-image\" data-id=\"73758e2f\" data-element_type=\"widget\" data-e-type=\"widget\" data-widget_type=\"image.default\">\n\t\t\t\t<div class=\"elementor-widget-container\">\n\t\t\t\t\t\t\t\t\t\t\t\t\t\t\t<img decoding=\"async\" width=\"800\" height=\"565\" src=\"https:\/\/www.erlebnisakademie.de\/wp-content\/uploads\/sommerfest7-1024x723-1.jpg\" class=\"attachment-large size-large wp-image-919\" alt=\"\" srcset=\"https:\/\/www.erlebnisakademie.de\/wp-content\/uploads\/sommerfest7-1024x723-1.jpg 1024w, https:\/\/www.erlebnisakademie.de\/wp-content\/uploads\/sommerfest7-1024x723-1-300x212.jpg 300w\" sizes=\"(max-width: 800px) 100vw, 800px\" \/>\t\t\t\t\t\t\t\t\t\t\t\t\t\t\t<\/div>\n\t\t\t\t<\/div>\n\t\t\t\t\t<\/div>\n\t\t<\/div>\n\t\t\t\t<div class=\"elementor-column elementor-col-50 elementor-top-column elementor-element elementor-element-40014185\" data-id=\"40014185\" data-element_type=\"column\" data-e-type=\"column\">\n\t\t\t<div class=\"elementor-widget-wrap elementor-element-populated\">\n\t\t\t\t\t\t<div class=\"elementor-element elementor-element-35e6116d elementor-widget elementor-widget-heading\" data-id=\"35e6116d\" data-element_type=\"widget\" data-e-type=\"widget\" data-widget_type=\"heading.default\">\n\t\t\t\t<div class=\"elementor-widget-container\">\n\t\t\t\t\t<h2 class=\"elementor-heading-title elementor-size-default\">Unser  Team<\/h2>\t\t\t\t<\/div>\n\t\t\t\t<\/div>\n\t\t\t\t<div class=\"elementor-element elementor-element-2155814d elementor-widget elementor-widget-text-editor\" data-id=\"2155814d\" data-element_type=\"widget\" data-e-type=\"widget\" data-widget_type=\"text-editor.default\">\n\t\t\t\t<div class=\"elementor-widget-container\">\n\t\t\t\t\t\t\t\t\t<p>D\u00fcrfen wir vorstellen? Das Team der Erlebnisakademie ist eine bunte Mischung aus Trainern mit haupts\u00e4chlich p\u00e4dagogischem Hintergrund, zirkusbegeisterten Menschen und jugendlichen Helfern, die teilweise selber als \u201eSch\u00fcler\u201c bei der Erlebnisakademie angefangen haben.<\/p>\t\t\t\t\t\t\t\t<\/div>\n\t\t\t\t<\/div>\n\t\t\t\t\t<\/div>\n\t\t<\/div>\n\t\t\t\t\t<\/div>\n\t\t<\/section>\n\t\t\t\t<\/div>\n\t\t","protected":false},"excerpt":{"rendered":"<p>\u00dcber uns Reinspaziert, liebes Publikum! Die Erlebnisakademie ist ein gemeinn\u00fctziger Verein f\u00fcr Zirkus- und Erlebnisp\u00e4dagogik, seit 2005 ans\u00e4ssig in Rheinbach. Im Programmangebot finden sich unter anderem Ferien- und Freizeitangebote f\u00fcr Kinder aller Altersstufen, sowie Programme f\u00fcr Schulen, Kinderg\u00e4rten und Jugendherbergen. Der zirkusp\u00e4dagogische Teil der Erlebnisakademie tr\u00e4gt den Namen \u201eZirkusschule Reinspaziert\u201c und bietet Kindern und Erwachsenen die M\u00f6glichkeit, sich in Artisten, Jongleure, Zauberer, Clowns, Feuerspucker und vieles mehr zu verwandeln. Hier geht es nicht darum mit m\u00f6glichst vielen B\u00e4llen zu jonglieren, eine m\u00f6glichst hohe Pyramide zu bauen oder andere artistische H\u00f6chstleistungen zu vollbringen. Es geht in erster Linie um den Spa\u00df an allem, was Zirkus so zu bieten hat. Zu sagen \u201eDas kann ich nicht!\u201c gilt nicht! Bei der Zirkusschule Reinspaziert ist f\u00fcr jeden etwas dabei. Zirkusluft schnuppern kann man zum Beispiel in den regelm\u00e4\u00dfigen Ferienfreizeiten, beim monatlichen Zirkustag, bei Schul- oder Kindergartenprojekten oder einem Mitmach-Zirkus f\u00fcr Feste aller Art. Wer seine F\u00e4higkeiten regelm\u00e4\u00dfig trainiert, hat auch die M\u00f6glichkeit bei verschiedenen Auftritten der Zirkusschule mitzuwirken. Die erlebnisp\u00e4dagogischen Angebote des Vereins sind zum Beispiel wald- und spielp\u00e4dagogische Programme f\u00fcr Freizeiten und Klassenfahrten, Kletteraktionen oder Teamtraining-Angebote. Erlebnisp\u00e4dagogische Ferienfreizeiten veranstaltet die Erlebnisakademie zum Beispiel an der Jugendherberge \u201eNaturfreundehaus Berg\u201c nahe Rheinbach: Hier werden Sch\u00e4tze gesucht, Lagerfeuer gemacht oder auf der Slackline \u00fcber den Bach balanciert. Unser Team D\u00fcrfen wir vorstellen? Das Team der Erlebnisakademie ist eine bunte Mischung aus Trainern mit haupts\u00e4chlich p\u00e4dagogischem Hintergrund, zirkusbegeisterten Menschen und jugendlichen Helfern, die teilweise selber als \u201eSch\u00fcler\u201c bei der Erlebnisakademie angefangen haben.<\/p>\n","protected":false},"author":2,"featured_media":0,"parent":0,"menu_order":0,"comment_status":"closed","ping_status":"closed","template":"","meta":{"footnotes":""},"class_list":["post-1095","page","type-page","status-publish","hentry"],"_links":{"self":[{"href":"https:\/\/www.erlebnisakademie.de\/index.php\/wp-json\/wp\/v2\/pages\/1095","targetHints":{"allow":["GET"]}}],"collection":[{"href":"https:\/\/www.erlebnisakademie.de\/index.php\/wp-json\/wp\/v2\/pages"}],"about":[{"href":"https:\/\/www.erlebnisakademie.de\/index.php\/wp-json\/wp\/v2\/types\/page"}],"author":[{"embeddable":true,"href":"https:\/\/www.erlebnisakademie.de\/index.php\/wp-json\/wp\/v2\/users\/2"}],"replies":[{"embeddable":true,"href":"https:\/\/www.erlebnisakademie.de\/index.php\/wp-json\/wp\/v2\/comments?post=1095"}],"version-history":[{"count":7,"href":"https:\/\/www.erlebnisakademie.de\/index.php\/wp-json\/wp\/v2\/pages\/1095\/revisions"}],"predecessor-version":[{"id":1102,"href":"https:\/\/www.erlebnisakademie.de\/index.php\/wp-json\/wp\/v2\/pages\/1095\/revisions\/1102"}],"wp:attachment":[{"href":"https:\/\/www.erlebnisakademie.de\/index.php\/wp-json\/wp\/v2\/media?parent=1095"}],"curies":[{"name":"wp","href":"https:\/\/api.w.org\/{rel}","templated":true}]}}